{"id":608,"date":"2023-10-19T09:52:53","date_gmt":"2023-10-19T09:52:53","guid":{"rendered":"https:\/\/www.chavarriaoptics.com\/?page_id=608"},"modified":"2024-01-09T09:02:18","modified_gmt":"2024-01-09T09:02:18","slug":"qui-som","status":"publish","type":"page","link":"https:\/\/www.chavarriaoptics.com\/ca\/qui-som\/","title":{"rendered":"QUI SOM"},"content":{"rendered":"<div id=\"cs-content\" class=\"cs-content\"><\/div>\n","protected":false},"excerpt":{"rendered":"<p>Qui SomBenvingut a Chavarr\u00eda \u00d2ptics + Optometristes! Des de 1980, som una empresa familiar i independent a Figueres. La nostra hist\u00f2ria va comen\u00e7ar el 1909, quan el nostre besavi, Josep Mart\u00ed, treballava en un laboratori qu\u00edmic a la planta baixa de la nostra casa aqu\u00ed a Figueres. En aquella \u00e8poca, l&#8217;altre besavi \u00c0ngel Chavarr\u00eda treballava com a oftalm\u00f2leg a Calahorra &#8230; <\/p>\n<div><a href=\"https:\/\/www.chavarriaoptics.com\/ca\/qui-som\/\" class=\"more-link\">Read More<\/a><\/div>\n","protected":false},"author":2,"featured_media":0,"parent":0,"menu_order":0,"comment_status":"closed","ping_status":"closed","template":"template-blank-4.php","meta":{"footnotes":""},"class_list":["post-608","page","type-page","status-publish","hentry","no-post-thumbnail"],"yoast_head":"<!-- This site is optimized with the Yoast SEO plugin v27.5 - https:\/\/yoast.com\/product\/yoast-seo-wordpress\/ -->\n<title>QUI SOM - chavarriaoptics.com<\/title>\n<meta name=\"robots\" content=\"index, follow, max-snippet:-1, max-image-preview:large, max-video-preview:-1\" \/>\n<link rel=\"canonical\" href=\"https:\/\/www.chavarriaoptics.com\/ca\/qui-som\/\" \/>\n<meta property=\"og:locale\" content=\"ca_ES\" \/>\n<meta property=\"og:type\" content=\"article\" \/>\n<meta property=\"og:title\" content=\"QUI SOM - chavarriaoptics.com\" \/>\n<meta property=\"og:description\" content=\"Qui SomBenvingut a Chavarr\u00eda \u00d2ptics + Optometristes! Des de 1980, som una empresa familiar i independent a Figueres. La nostra hist\u00f2ria va comen\u00e7ar el 1909, quan el nostre besavi, Josep Mart\u00ed, treballava en un laboratori qu\u00edmic a la planta baixa de la nostra casa aqu\u00ed a Figueres. En aquella \u00e8poca, l&#039;altre besavi \u00c0ngel Chavarr\u00eda treballava com a oftalm\u00f2leg a Calahorra ... Read More\" \/>\n<meta property=\"og:url\" content=\"https:\/\/www.chavarriaoptics.com\/ca\/qui-som\/\" \/>\n<meta property=\"og:site_name\" content=\"chavarriaoptics.com\" \/>\n<meta property=\"article:modified_time\" content=\"2024-01-09T09:02:18+00:00\" \/>\n<meta property=\"og:image\" content=\"https:\/\/www.chavarriaoptics.com\/wp-content\/uploads\/2023\/12\/chavarria-logo-1.png\" \/>\n\t<meta property=\"og:image:width\" content=\"1202\" \/>\n\t<meta property=\"og:image:height\" content=\"676\" \/>\n\t<meta property=\"og:image:type\" content=\"image\/png\" \/>\n<meta name=\"twitter:card\" content=\"summary_large_image\" \/>\n<meta name=\"twitter:label1\" content=\"Temps estimat de lectura\" \/>\n\t<meta name=\"twitter:data1\" content=\"3 minuts\" \/>\n<script type=\"application\/ld+json\" class=\"yoast-schema-graph\">{\"@context\":\"https:\\\/\\\/schema.org\",\"@graph\":[{\"@type\":\"WebPage\",\"@id\":\"https:\\\/\\\/www.chavarriaoptics.com\\\/ca\\\/qui-som\\\/\",\"url\":\"https:\\\/\\\/www.chavarriaoptics.com\\\/ca\\\/qui-som\\\/\",\"name\":\"QUI SOM - chavarriaoptics.com\",\"isPartOf\":{\"@id\":\"https:\\\/\\\/www.chavarriaoptics.com\\\/ca\\\/#website\"},\"datePublished\":\"2023-10-19T09:52:53+00:00\",\"dateModified\":\"2024-01-09T09:02:18+00:00\",\"breadcrumb\":{\"@id\":\"https:\\\/\\\/www.chavarriaoptics.com\\\/ca\\\/qui-som\\\/#breadcrumb\"},\"inLanguage\":\"ca\",\"potentialAction\":[{\"@type\":\"ReadAction\",\"target\":[\"https:\\\/\\\/www.chavarriaoptics.com\\\/ca\\\/qui-som\\\/\"]}]},{\"@type\":\"BreadcrumbList\",\"@id\":\"https:\\\/\\\/www.chavarriaoptics.com\\\/ca\\\/qui-som\\\/#breadcrumb\",\"itemListElement\":[{\"@type\":\"ListItem\",\"position\":1,\"name\":\"Portada\",\"item\":\"https:\\\/\\\/www.chavarriaoptics.com\\\/ca\\\/\"},{\"@type\":\"ListItem\",\"position\":2,\"name\":\"QUI SOM\"}]},{\"@type\":\"WebSite\",\"@id\":\"https:\\\/\\\/www.chavarriaoptics.com\\\/ca\\\/#website\",\"url\":\"https:\\\/\\\/www.chavarriaoptics.com\\\/ca\\\/\",\"name\":\"chavarriaoptics.com\",\"description\":\"optometr\u00eda y audiolog\u00eda\",\"potentialAction\":[{\"@type\":\"SearchAction\",\"target\":{\"@type\":\"EntryPoint\",\"urlTemplate\":\"https:\\\/\\\/www.chavarriaoptics.com\\\/ca\\\/?s={search_term_string}\"},\"query-input\":{\"@type\":\"PropertyValueSpecification\",\"valueRequired\":true,\"valueName\":\"search_term_string\"}}],\"inLanguage\":\"ca\"}]}<\/script>\n<!-- \/ Yoast SEO plugin. -->","yoast_head_json":{"title":"QUI SOM - chavarriaoptics.com","robots":{"index":"index","follow":"follow","max-snippet":"max-snippet:-1","max-image-preview":"max-image-preview:large","max-video-preview":"max-video-preview:-1"},"canonical":"https:\/\/www.chavarriaoptics.com\/ca\/qui-som\/","og_locale":"ca_ES","og_type":"article","og_title":"QUI SOM - chavarriaoptics.com","og_description":"Qui SomBenvingut a Chavarr\u00eda \u00d2ptics + Optometristes! Des de 1980, som una empresa familiar i independent a Figueres. La nostra hist\u00f2ria va comen\u00e7ar el 1909, quan el nostre besavi, Josep Mart\u00ed, treballava en un laboratori qu\u00edmic a la planta baixa de la nostra casa aqu\u00ed a Figueres. En aquella \u00e8poca, l'altre besavi \u00c0ngel Chavarr\u00eda treballava com a oftalm\u00f2leg a Calahorra ... Read More","og_url":"https:\/\/www.chavarriaoptics.com\/ca\/qui-som\/","og_site_name":"chavarriaoptics.com","article_modified_time":"2024-01-09T09:02:18+00:00","og_image":[{"width":1202,"height":676,"url":"https:\/\/www.chavarriaoptics.com\/wp-content\/uploads\/2023\/12\/chavarria-logo-1.png","type":"image\/png"}],"twitter_card":"summary_large_image","twitter_misc":{"Temps estimat de lectura":"3 minuts"},"schema":{"@context":"https:\/\/schema.org","@graph":[{"@type":"WebPage","@id":"https:\/\/www.chavarriaoptics.com\/ca\/qui-som\/","url":"https:\/\/www.chavarriaoptics.com\/ca\/qui-som\/","name":"QUI SOM - chavarriaoptics.com","isPartOf":{"@id":"https:\/\/www.chavarriaoptics.com\/ca\/#website"},"datePublished":"2023-10-19T09:52:53+00:00","dateModified":"2024-01-09T09:02:18+00:00","breadcrumb":{"@id":"https:\/\/www.chavarriaoptics.com\/ca\/qui-som\/#breadcrumb"},"inLanguage":"ca","potentialAction":[{"@type":"ReadAction","target":["https:\/\/www.chavarriaoptics.com\/ca\/qui-som\/"]}]},{"@type":"BreadcrumbList","@id":"https:\/\/www.chavarriaoptics.com\/ca\/qui-som\/#breadcrumb","itemListElement":[{"@type":"ListItem","position":1,"name":"Portada","item":"https:\/\/www.chavarriaoptics.com\/ca\/"},{"@type":"ListItem","position":2,"name":"QUI SOM"}]},{"@type":"WebSite","@id":"https:\/\/www.chavarriaoptics.com\/ca\/#website","url":"https:\/\/www.chavarriaoptics.com\/ca\/","name":"chavarriaoptics.com","description":"optometr\u00eda y audiolog\u00eda","potentialAction":[{"@type":"SearchAction","target":{"@type":"EntryPoint","urlTemplate":"https:\/\/www.chavarriaoptics.com\/ca\/?s={search_term_string}"},"query-input":{"@type":"PropertyValueSpecification","valueRequired":true,"valueName":"search_term_string"}}],"inLanguage":"ca"}]}},"_links":{"self":[{"href":"https:\/\/www.chavarriaoptics.com\/ca\/wp-json\/wp\/v2\/pages\/608","targetHints":{"allow":["GET"]}}],"collection":[{"href":"https:\/\/www.chavarriaoptics.com\/ca\/wp-json\/wp\/v2\/pages"}],"about":[{"href":"https:\/\/www.chavarriaoptics.com\/ca\/wp-json\/wp\/v2\/types\/page"}],"author":[{"embeddable":true,"href":"https:\/\/www.chavarriaoptics.com\/ca\/wp-json\/wp\/v2\/users\/2"}],"replies":[{"embeddable":true,"href":"https:\/\/www.chavarriaoptics.com\/ca\/wp-json\/wp\/v2\/comments?post=608"}],"version-history":[{"count":2,"href":"https:\/\/www.chavarriaoptics.com\/ca\/wp-json\/wp\/v2\/pages\/608\/revisions"}],"predecessor-version":[{"id":616,"href":"https:\/\/www.chavarriaoptics.com\/ca\/wp-json\/wp\/v2\/pages\/608\/revisions\/616"}],"wp:attachment":[{"href":"https:\/\/www.chavarriaoptics.com\/ca\/wp-json\/wp\/v2\/media?parent=608"}],"curies":[{"name":"wp","href":"https:\/\/api.w.org\/{rel}","templated":true}]}}

<p>Qui SomBenvingut a Chavarría Òptics + Optometristes! Des de 1980, som una empresa familiar i independent a Figueres. La nostra història va començar el 1909, quan el nostre besavi, Josep Martí, treballava en un laboratori químic a la planta baixa de la nostra casa aquí a Figueres. En aquella època, l&#8217;altre besavi Àngel Chavarría treballava com a oftalmòleg a Calahorra &#8230; </p>
<div><a href="https://www.chavarriaoptics.com/ca/qui-som/" class="more-link">Read More</a></div>

<!-- This site is optimized with the Yoast SEO plugin v27.5 - https://yoast.com/product/yoast-seo-wordpress/ -->
<title>QUI SOM - chavarriaoptics.com</title>
<meta name="robots" content="index, follow, max-snippet:-1, max-image-preview:large, max-video-preview:-1" />
<link rel="canonical" href="https://www.chavarriaoptics.com/ca/qui-som/" />
<meta property="og:locale" content="ca_ES" />
<meta property="og:type" content="article" />
<meta property="og:title" content="QUI SOM - chavarriaoptics.com" />
<meta property="og:description" content="Qui SomBenvingut a Chavarría Òptics + Optometristes! Des de 1980, som una empresa familiar i independent a Figueres. La nostra història va començar el 1909, quan el nostre besavi, Josep Martí, treballava en un laboratori químic a la planta baixa de la nostra casa aquí a Figueres. En aquella època, l&#039;altre besavi Àngel Chavarría treballava com a oftalmòleg a Calahorra ... Read More" />
<meta property="og:url" content="https://www.chavarriaoptics.com/ca/qui-som/" />
<meta property="og:site_name" content="chavarriaoptics.com" />
<meta property="article:modified_time" content="2024-01-09T09:02:18+00:00" />
<meta property="og:image" content="https://www.chavarriaoptics.com/wp-content/uploads/2023/12/chavarria-logo-1.png" />
	<meta property="og:image:width" content="1202" />
	<meta property="og:image:height" content="676" />
	<meta property="og:image:type" content="image/png" />
<meta name="twitter:card" content="summary_large_image" />
<meta name="twitter:label1" content="Temps estimat de lectura" />
	<meta name="twitter:data1" content="3 minuts" />
<script type="application/ld+json" class="yoast-schema-graph">{"@context":"https:\/\/schema.org","@graph":[{"@type":"WebPage","@id":"https:\/\/www.chavarriaoptics.com\/ca\/qui-som\/","url":"https:\/\/www.chavarriaoptics.com\/ca\/qui-som\/","name":"QUI SOM - chavarriaoptics.com","isPartOf":{"@id":"https:\/\/www.chavarriaoptics.com\/ca\/#website"},"datePublished":"2023-10-19T09:52:53+00:00","dateModified":"2024-01-09T09:02:18+00:00","breadcrumb":{"@id":"https:\/\/www.chavarriaoptics.com\/ca\/qui-som\/#breadcrumb"},"inLanguage":"ca","potentialAction":[{"@type":"ReadAction","target":["https:\/\/www.chavarriaoptics.com\/ca\/qui-som\/"]}]},{"@type":"BreadcrumbList","@id":"https:\/\/www.chavarriaoptics.com\/ca\/qui-som\/#breadcrumb","itemListElement":[{"@type":"ListItem","position":1,"name":"Portada","item":"https:\/\/www.chavarriaoptics.com\/ca\/"},{"@type":"ListItem","position":2,"name":"QUI SOM"}]},{"@type":"WebSite","@id":"https:\/\/www.chavarriaoptics.com\/ca\/#website","url":"https:\/\/www.chavarriaoptics.com\/ca\/","name":"chavarriaoptics.com","description":"optometría y audiología","potentialAction":[{"@type":"SearchAction","target":{"@type":"EntryPoint","urlTemplate":"https:\/\/www.chavarriaoptics.com\/ca\/?s={search_term_string}"},"query-input":{"@type":"PropertyValueSpecification","valueRequired":true,"valueName":"search_term_string"}}],"inLanguage":"ca"}]}</script>
<!-- / Yoast SEO plugin. -->

Qui SomBenvingut a Chavarría Òptics + Optometristes! Des de 1980, som una empresa familiar i independent a Figueres. La nostra història va començar el 1909, quan el nostre besavi, Josep Martí, treballava en un laboratori químic a la planta baixa de la nostra casa aquí a Figueres. En aquella època, l'altre besavi Àngel Chavarría treballava com a oftalmòleg a Calahorra ... Read More

optometría y audiología
